{"id":95,"date":"2023-04-11T18:23:52","date_gmt":"2023-04-11T16:23:52","guid":{"rendered":"https:\/\/ambasciatapraga.esteri.it\/?page_id=95"},"modified":"2026-01-12T13:08:33","modified_gmt":"2026-01-12T18:08:33","slug":"fare-affari-in-equador","status":"publish","type":"page","link":"https:\/\/ambquito.esteri.it\/it\/italia-ed-ecuador\/diplomazia-economica\/fare-affari-in-equador\/","title":{"rendered":"Fare affari in Ecuador"},"content":{"rendered":"<p style=\"text-align: justify;\">Per le vostre esigenze di importazione di prodotti dall&#8217;Italia all&#8217;Ecuador, vi invitiamo a contattare i seguenti uffici e siti web:<\/p>\n<p style=\"text-align: justify;\"><strong>Infomercati Esteri, Ecuador:<\/strong><\/p>\n<p style=\"text-align: justify;\">Nella pagina di <a href=\"https:\/\/www.infomercatiesteri.it\/paese.php?id_paesi=44\" target=\"_blank\" rel=\"noopener\"><strong>Infomercati Esteri, Ecuador<\/strong><\/a>, troverete tutte le informazioni relative alle caratteristiche del paese che vi aiuteranno a prendere una decisione e informarvi meglio sull&#8217;Ecuador; le informazioni che potrete trovare:<\/p>\n<ul style=\"text-align: justify;\">\n<li>Politica<\/li>\n<li>Economica<\/li>\n<li>Perch\u00e9 scegliere l&#8217;Ecuador<\/li>\n<li>Rischi<\/li>\n<li>Accesso al credito<\/li>\n<li>Turismo<\/li>\n<li>Link utili<\/li>\n<li>Ambiente di lavoro<\/li>\n<li>Notizie<\/li>\n<li>Overview del paese<\/li>\n<\/ul>\n<hr \/>\n<p style=\"text-align: justify;\"><strong>Nexus:<\/strong><\/p>\n<p style=\"text-align: justify;\"><a href=\"https:\/\/nexus.esteri.it\/\" target=\"_blank\" rel=\"noopener\"><strong>Nexus<\/strong> <\/a>\u00e8 la piattaforma attraverso la quale le aziende italiane possono richiedere informazioni o inviare richieste di assistenza all&#8217;Ambasciata di riferimento e ai suoi uffici Commerciali, nonch\u00e9 con la Direzione Generale per la Promozione dell&#8217;Informazione Generale per la Promozione del Sistema Paese della Farnesina (MAECI)<\/p>\n<hr \/>\n<p style=\"text-align: justify;\"><strong>ICE Bogot\u00e0:<\/strong><\/p>\n<p style=\"text-align: justify;\">L&#8217;ufficio regionale ICE, competente per l&#8217;Ecuador, situato a Bogot\u00e0, pu\u00f2 essere contattato:<\/p>\n<p style=\"text-align: justify;\"><strong>Indirizzo: <\/strong>Calle 93B 9-92 110221, Bogot\u00e0, Colombia<\/p>\n<p style=\"text-align: justify;\"><strong>Orari di apertura: <\/strong>Lunedi a Giovedi, 8:30-16:00, Venerd\u00ec, 8:30-13:30<\/p>\n<p style=\"text-align: justify;\"><strong>Posta: <\/strong><a href=\"mailto:bogota@ice.it\">bogota@ice.it<\/a><\/p>\n<p style=\"text-align: justify;\"><strong>Sito web:<\/strong> <a href=\"https:\/\/www.ice.it\/en\/markets\/colombia\/bogota\">https:\/\/www.ice.it\/en\/markets\/colombia\/bogota<\/a><\/p>\n<hr \/>\n<p><strong>Camera di Commercio Italiana in Ecuador &#8211; CCIE:<\/strong><\/p>\n<p>\u00c8 possibile contattare gli uffici e il personale della CCIE:<\/p>\n<p><strong>Indirizzo:<\/strong>\u00a0Italia N30-220 e Vancouver, 170515, Quito, Ecuador<\/p>\n<p><strong>Telefono:<\/strong>\u00a0+593 99 980 1876<\/p>\n<p><strong>Orari di apertura:<\/strong> da lunedi a venerd\u00ec, ore 09:00 &#8211; 17:00<\/p>\n<p><strong>E-mail:<\/strong>\u00a0<a href=\"mailto:comercial@cameraitalianaecuador.com\">comercial@cameraitalianaecuador.com<\/a><\/p>\n<p><strong>Sito web:<\/strong>\u00a0<a href=\"https:\/\/www.cameraitalianaecuador.com\">https:\/\/www.cameraitalianaecuador.com<\/a><\/p>\n<hr \/>\n<p style=\"text-align: justify;\"><strong>Camera Binazionale Ecuadoriana Italiana &#8211; CBEI:<\/strong><\/p>\n<p style=\"text-align: justify;\">\u00c8 possibile contattare gli uffici e il personale della CBEI:<\/p>\n<p style=\"text-align: justify;\"><strong>Indirizzo:<\/strong> Av. Francisco de Orellana y Miguel H. Alc\u00edvar, Centro Empresarial &#8220;Las C\u00e1maras&#8221;, Torre istituzionale, piano 5, Guayaquil, Ecuador<\/p>\n<p style=\"text-align: justify;\"><strong>Telefono:<\/strong> +593 4 371 3390<\/p>\n<p style=\"text-align: justify;\"><strong>Orari di apertura:<\/strong> da lunedi a venerd\u00ec, ore 08:00 &#8211; 17:00<\/p>\n<p style=\"text-align: justify;\"><strong>E-mail:<\/strong>\u00a0 <a href=\"mailto:info@ecuadoritalia.com\">info@ecuadoritalia.com<\/a><\/p>\n<p style=\"text-align: justify;\"><strong>Sito web:<\/strong> <a href=\"https:\/\/www.ecuadoritalia.com\/\">https:\/\/www.ecuadoritalia.com\/<\/a><\/p>\n<hr \/>\n<p style=\"text-align: justify;\"><strong>Comit\u00e9 Empresarial:<\/strong><\/p>\n<p style=\"text-align: justify;\">Il <strong>Comit\u00e9 Empresarial <\/strong>\u00e8 l&#8217;organizzazione del mondo imprenditoriale che raggruppa federazioni, camere, associazioni, corporazioni e altre organizzazioni del settore produttivo.<\/p>\n<p style=\"text-align: justify;\"><strong>Indirizzo:<\/strong> Amazonas y Rep\u00fablica. Edificio &#8220;Las C\u00e1mara&#8221;, piano 8, Quito, Ecuador<\/p>\n<p style=\"text-align: justify;\"><strong>Telefono:<\/strong> +593 2 2456 761 &#8211; +593 2 2264 627<\/p>\n<p style=\"text-align: justify;\"><strong>Orari di apertura:<\/strong> Lunedi a Venerd\u00ec, 8:00-17:00<\/p>\n<p style=\"text-align: justify;\"><strong>Corrispondenza:<\/strong> info@cee.org.ec<\/p>\n<p style=\"text-align: justify;\"><strong>Sito web:<\/strong> https:\/\/cee.org.ec\/<\/p>\n<hr \/>\n<p style=\"text-align: justify;\"><strong>Camere di Commercio e Produzione:<\/strong><\/p>\n<p style=\"text-align: justify;\">Invitiamo a contattare le principali Camere di Commercio e Produzione visitando i loro siti ufficiali:<\/p>\n<ul style=\"text-align: justify;\">\n<li>Camera delle industrie e della produzione, <a href=\"https:\/\/www.cip.org.ec\/\">https:\/\/www.cip.org.ec\/<\/a><\/li>\n<li>Camera delle industrie di Guayaquil, <a href=\"https:\/\/www.industrias.ec\/\">https:\/\/www.industrias.ec\/<\/a><\/li>\n<li>Camera di Commercio di Quito, <a href=\"https:\/\/ccq.ec\/\">https:\/\/ccq.ec\/<\/a><\/li>\n<li>Camera di Commercio di Guayaquil, <a href=\"https:\/\/www.lacamara.org\/website\/\">https:\/\/www.lacamara.org\/website\/<\/a><\/li>\n<li>Camera di Commercio di Cuenca, <a href=\"https:\/\/camaracuenca.com\/\">https:\/\/\/camaracuenca.com\/<\/a><\/li>\n<\/ul>\n<hr \/>\n<p style=\"text-align: justify;\"><strong>Proecuador:<\/strong><\/p>\n<p style=\"text-align: justify;\">Per ulteriori informazioni su altre opportunit\u00e0 di investimento, portafoglio di investimenti, servizi e incentivi, invitiamo a contattare l&#8217;ufficio commerciale di Proecuador:<\/p>\n<p style=\"text-align: justify;\"><strong>Indirizzo: <\/strong>Malec\u00f3n Sim\u00f3n Bol\u00edvar 100 e 9 de Octubre, Edificio La Previsora piano 18, Guayaquil, Ecuador.<\/p>\n<p style=\"text-align: justify;\"><strong>Telefono: <\/strong>+593 4 2597980<\/p>\n<p style=\"text-align: justify;\"><strong>Orari di apertura: <\/strong>Lunedi a Venerd\u00ec, 8:00-17:00<\/p>\n<p style=\"text-align: justify;\"><strong>Posta: <\/strong><a href=\"mailto:contacto@proecuador.gob.ec\">contacto@proecuador.gob.ec<\/a><\/p>\n<p style=\"text-align: justify;\"><strong>Sito web: <\/strong><a href=\"https:\/\/www.proecuador.gob.ec\/inversiones-4-2\/\">https:\/\/www.proecuador.gob.ec\/inversiones-4-2\/<\/a><\/p>\n","protected":false},"excerpt":{"rendered":"Per le vostre esigenze di importazione di prodotti dall&#8217;Italia all&#8217;Ecuador, vi invitiamo a contattare i seguenti uffici e siti web: Infomercati Esteri, Ecuador: Nella pagina di Infomercati Esteri, Ecuador, troverete tutte le informazioni relative alle caratteristiche del paese che vi aiuteranno a prendere una decisione e informarvi meglio sull&#8217;Ecuador; le informazioni che potrete trovare: Politica [&hellip;]","protected":false},"author":1,"featured_media":0,"parent":43,"menu_order":0,"comment_status":"closed","ping_status":"closed","template":"","meta":{"footnotes":""},"class_list":["post-95","page","type-page","status-publish","hentry"],"_links":{"self":[{"href":"https:\/\/ambquito.esteri.it\/it\/wp-json\/wp\/v2\/pages\/95","targetHints":{"allow":["GET"]}}],"collection":[{"href":"https:\/\/ambquito.esteri.it\/it\/wp-json\/wp\/v2\/pages"}],"about":[{"href":"https:\/\/ambquito.esteri.it\/it\/wp-json\/wp\/v2\/types\/page"}],"author":[{"embeddable":true,"href":"https:\/\/ambquito.esteri.it\/it\/wp-json\/wp\/v2\/users\/1"}],"replies":[{"embeddable":true,"href":"https:\/\/ambquito.esteri.it\/it\/wp-json\/wp\/v2\/comments?post=95"}],"version-history":[{"count":7,"href":"https:\/\/ambquito.esteri.it\/it\/wp-json\/wp\/v2\/pages\/95\/revisions"}],"predecessor-version":[{"id":6592,"href":"https:\/\/ambquito.esteri.it\/it\/wp-json\/wp\/v2\/pages\/95\/revisions\/6592"}],"up":[{"embeddable":true,"href":"https:\/\/ambquito.esteri.it\/it\/wp-json\/wp\/v2\/pages\/43"}],"wp:attachment":[{"href":"https:\/\/ambquito.esteri.it\/it\/wp-json\/wp\/v2\/media?parent=95"}],"curies":[{"name":"wp","href":"https:\/\/api.w.org\/{rel}","templated":true}]}}

<p style="text-align: justify;">Per le vostre esigenze di importazione di prodotti dall&#8217;Italia all&#8217;Ecuador, vi invitiamo a contattare i seguenti uffici e siti web:</p>
<p style="text-align: justify;"><strong>Infomercati Esteri, Ecuador:</strong></p>
<p style="text-align: justify;">Nella pagina di <a href="https://www.infomercatiesteri.it/paese.php?id_paesi=44" target="_blank" rel="noopener"><strong>Infomercati Esteri, Ecuador</strong></a>, troverete tutte le informazioni relative alle caratteristiche del paese che vi aiuteranno a prendere una decisione e informarvi meglio sull&#8217;Ecuador; le informazioni che potrete trovare:</p>
<ul style="text-align: justify;">
<li>Politica</li>
<li>Economica</li>
<li>Perché scegliere l&#8217;Ecuador</li>
<li>Rischi</li>
<li>Accesso al credito</li>
<li>Turismo</li>
<li>Link utili</li>
<li>Ambiente di lavoro</li>
<li>Notizie</li>
<li>Overview del paese</li>
</ul>
<hr />
<p style="text-align: justify;"><strong>Nexus:</strong></p>
<p style="text-align: justify;"><a href="https://nexus.esteri.it/" target="_blank" rel="noopener"><strong>Nexus</strong> </a>è la piattaforma attraverso la quale le aziende italiane possono richiedere informazioni o inviare richieste di assistenza all&#8217;Ambasciata di riferimento e ai suoi uffici Commerciali, nonché con la Direzione Generale per la Promozione dell&#8217;Informazione Generale per la Promozione del Sistema Paese della Farnesina (MAECI)</p>
<hr />
<p style="text-align: justify;"><strong>ICE Bogotà:</strong></p>
<p style="text-align: justify;">L&#8217;ufficio regionale ICE, competente per l&#8217;Ecuador, situato a Bogotà, può essere contattato:</p>
<p style="text-align: justify;"><strong>Indirizzo: </strong>Calle 93B 9-92 110221, Bogotà, Colombia</p>
<p style="text-align: justify;"><strong>Orari di apertura: </strong>Lunedi a Giovedi, 8:30-16:00, Venerdì, 8:30-13:30</p>
<p style="text-align: justify;"><strong>Posta: </strong><a href="mailto:bogota@ice.it">bogota@ice.it</a></p>
<p style="text-align: justify;"><strong>Sito web:</strong> <a href="https://www.ice.it/en/markets/colombia/bogota">https://www.ice.it/en/markets/colombia/bogota</a></p>
<hr />
<p><strong>Camera di Commercio Italiana in Ecuador &#8211; CCIE:</strong></p>
<p>È possibile contattare gli uffici e il personale della CCIE:</p>
<p><strong>Indirizzo:</strong> Italia N30-220 e Vancouver, 170515, Quito, Ecuador</p>
<p><strong>Telefono:</strong> +593 99 980 1876</p>
<p><strong>Orari di apertura:</strong> da lunedi a venerdì, ore 09:00 &#8211; 17:00</p>
<p><strong>E-mail:</strong> <a href="mailto:comercial@cameraitalianaecuador.com">comercial@cameraitalianaecuador.com</a></p>
<p><strong>Sito web:</strong> <a href="https://www.cameraitalianaecuador.com">https://www.cameraitalianaecuador.com</a></p>
<hr />
<p style="text-align: justify;"><strong>Camera Binazionale Ecuadoriana Italiana &#8211; CBEI:</strong></p>
<p style="text-align: justify;">È possibile contattare gli uffici e il personale della CBEI:</p>
<p style="text-align: justify;"><strong>Indirizzo:</strong> Av. Francisco de Orellana y Miguel H. Alcívar, Centro Empresarial &#8220;Las Cámaras&#8221;, Torre istituzionale, piano 5, Guayaquil, Ecuador</p>
<p style="text-align: justify;"><strong>Telefono:</strong> +593 4 371 3390</p>
<p style="text-align: justify;"><strong>Orari di apertura:</strong> da lunedi a venerdì, ore 08:00 &#8211; 17:00</p>
<p style="text-align: justify;"><strong>E-mail:</strong>  <a href="mailto:info@ecuadoritalia.com">info@ecuadoritalia.com</a></p>
<p style="text-align: justify;"><strong>Sito web:</strong> <a href="https://www.ecuadoritalia.com/">https://www.ecuadoritalia.com/</a></p>
<hr />
<p style="text-align: justify;"><strong>Comité Empresarial:</strong></p>
<p style="text-align: justify;">Il <strong>Comité Empresarial </strong>è l&#8217;organizzazione del mondo imprenditoriale che raggruppa federazioni, camere, associazioni, corporazioni e altre organizzazioni del settore produttivo.</p>
<p style="text-align: justify;"><strong>Indirizzo:</strong> Amazonas y República. Edificio &#8220;Las Cámara&#8221;, piano 8, Quito, Ecuador</p>
<p style="text-align: justify;"><strong>Telefono:</strong> +593 2 2456 761 &#8211; +593 2 2264 627</p>
<p style="text-align: justify;"><strong>Orari di apertura:</strong> Lunedi a Venerdì, 8:00-17:00</p>
<p style="text-align: justify;"><strong>Corrispondenza:</strong> info@cee.org.ec</p>
<p style="text-align: justify;"><strong>Sito web:</strong> https://cee.org.ec/</p>
<hr />
<p style="text-align: justify;"><strong>Camere di Commercio e Produzione:</strong></p>
<p style="text-align: justify;">Invitiamo a contattare le principali Camere di Commercio e Produzione visitando i loro siti ufficiali:</p>
<ul style="text-align: justify;">
<li>Camera delle industrie e della produzione, <a href="https://www.cip.org.ec/">https://www.cip.org.ec/</a></li>
<li>Camera delle industrie di Guayaquil, <a href="https://www.industrias.ec/">https://www.industrias.ec/</a></li>
<li>Camera di Commercio di Quito, <a href="https://ccq.ec/">https://ccq.ec/</a></li>
<li>Camera di Commercio di Guayaquil, <a href="https://www.lacamara.org/website/">https://www.lacamara.org/website/</a></li>
<li>Camera di Commercio di Cuenca, <a href="https://camaracuenca.com/">https:///camaracuenca.com/</a></li>
</ul>
<hr />
<p style="text-align: justify;"><strong>Proecuador:</strong></p>
<p style="text-align: justify;">Per ulteriori informazioni su altre opportunità di investimento, portafoglio di investimenti, servizi e incentivi, invitiamo a contattare l&#8217;ufficio commerciale di Proecuador:</p>
<p style="text-align: justify;"><strong>Indirizzo: </strong>Malecón Simón Bolívar 100 e 9 de Octubre, Edificio La Previsora piano 18, Guayaquil, Ecuador.</p>
<p style="text-align: justify;"><strong>Telefono: </strong>+593 4 2597980</p>
<p style="text-align: justify;"><strong>Orari di apertura: </strong>Lunedi a Venerdì, 8:00-17:00</p>
<p style="text-align: justify;"><strong>Posta: </strong><a href="mailto:contacto@proecuador.gob.ec">contacto@proecuador.gob.ec</a></p>
<p style="text-align: justify;"><strong>Sito web: </strong><a href="https://www.proecuador.gob.ec/inversiones-4-2/">https://www.proecuador.gob.ec/inversiones-4-2/</a></p>
